1928
In base 6, what is 502451305 - 1?
502451304
In base 9, what is -52816173 - 1?
-52816174
In base 5, what is -11120001203040 - 4?
-11120001203044
In base 6, what is -320 - 15453323?
-15454043
In base 3, what is 10210022001212212 + -21?
10210022001212121
In base 3, what is 10 + 21112122012200?
21112122012210
In base 14, what is 1c4c8 - a4c?
1b87a
In base 10, what is 63136 - -1274?
64410
In base 16, what is -28c4f00f - 3?
-28c4f012
In base 12, what is 2248 + 7aa8?
a134
In base 6, what is 1400451 + -130?
1400321
In base 9, what is 233857 + 111?
234068
In base 15, what is 12764 + e75?
136d9
In base 8, what is 204 + -1407561?
-1407355
In base 4, what is 10312030 - -10331013?
21303103
In base 13, what is 2 - -3b72471?
3b72473
In base 13, what is 18b86 - 447?
1873c
In base 11, what is -a31630a2 - 3?
-a31630a5
In base 16, what is -37f1aa + -1?
-37f1ab
In base 8, what is -1135 + 157557?
156422
In base 15, what is 30 + -6725bc?
-67258c
In base 8, what is -1540 - 1573007?
-1574547
In base 2, what is 101010 - 111101101110001110?
-111101101101100100
In base 4, what is -221012013 - -133321?
-220212032
In base 16, what is -5bf - a40?
-fff
In base 13, what is -291b6 - -209?
-28caa
In base 6, what is 1531305 + 22330?
1554035
In base 16, what is -22 - -ac70ac?
ac708a
In base 2, what is -1101010011100100001 + -11111?
-1101010011101000000
In base 7, what is -254 - -641606?
641322
In base 16, what is -bb5 + -55f?
-1114
In base 15, what is 364 + -1bbc66?
-1bb902
In base 6, what is 10122112 - -30?
10122142
In base 16, what is -6a4 - -3aa?
-2fa
In base 12, what is -308b - 417?
-34a6
In base 2, what is -101 - 1001110000000101001000010001?
-1001110000000101001000010110
In base 13, what is 1c4269 - -2ac?
1c4548
In base 15, what is -60 - 8239?
-8299
In base 10, what is -11953 - -7282?
-4671
In base 12, what is 2288 - 8860b?
-86343
In base 4, what is -1031 + 1002112022?
1002110331
In base 6, what is -1433410 - -12?
-1433354
In base 3, what is -102002122 - 112100122?
-221110021
In base 6, what is 1022 - 1001250?
-1000224
In base 5, what is 4041 - -33400123?
33404214
In base 8, what is -722774 - 4404?
-727400
In base 5, what is 431 - -324023114?
324024100
In base 7, what is 1150 + 16321565?
16323045
In base 15, what is 2 - 1387482?
-1387480
In base 5, what is -10030 + -11400322?
-11410402
In base 11, what is 2 - 2963248?
-2963246
In base 13, what is 15a3 + -1b94?
-5c1
In base 8, what is 25043351 + -2?
25043347
In base 2, what is 1101 + 100101001100001111?
100101001100011100
In base 5, what is -4202342110 - -3?
-4202342102
In base 3, what is 1220200200221 + -1112?
1220200122102
In base 9, what is 300500877 - 2?
300500875
In base 6, what is -21341 + -125334?
-151115
In base 16, what is -50c139 + -2?
-50c13b
In base 4, what is 13120031 + -100102?
13013323
In base 2, what is 111001001111111000011011 + 1?
111001001111111000011100
In base 15, what is -1e81 - 323?
-22a4
In base 15, what is -131 - 12944?
-12a75
In base 11, what is -17 - -740948?
740931
In base 10, what is -338 + -700267?
-700605
In base 11, what is -602 - -1a2501?
1a19aa
In base 3, what is 220000210020201 + -2?
220000210020122
In base 6, what is -5 + -54010453?
-54010502
In base 3, what is 11 + -21020110022112?
-21020110022101
In base 13, what is 95 + -2a6a09?
-2a6944
In base 12, what is 1 + 95a1aa2?
95a1aa3
In base 4, what is 2 - 21320012000?
-21320011332
In base 7, what is 33220650 - 352?
33220265
In base 3, what is 1212000020 - -101110?
1212101200
In base 5, what is 330401 + -220012?
110334
In base 9, what is 63 + -1085217?
-1085144
In base 13, what is 20 - -b47ab?
b47cb
In base 3, what is -10 + 11001011010010?
11001011010000
In base 5, what is 1033321 - 1024?
1032242
In base 16, what is -b - -1694f?
16944
In base 2, what is -1 + -1001111100111001001101100100?
-1001111100111001001101100101
In base 15, what is -6db689 - 1?
-6db68a
In base 8, what is 1531645 - -27?
1531674
In base 10, what is 5 + -110861646?
-110861641
In base 5, what is 223322 + -204301?
14021
In base 3, what is 2102112010202100 + -2?
2102112010202021
In base 14, what is 42c - c93?
-865
In base 9, what is 710738265 + 4?
710738270
In base 15, what is -158cc3e - -1?
-158cc3d
In base 14, what is 102196d - -1?
1021970
In base 8, what is -44 - -11066541?
11066475
In base 13, what is -1b91 + -623?
-24b4
In base 10, what is -2 + -197167093?
-197167095
In base 11, what is 109 + 12350?
12459
In base 7, what is 25 - 126131?
-126103
In base 13, what is 151 - -a47?
b98
In base 4, what is 13112 - 11232121101?
-11232101323
In base 8, what is 1216626 - 30?
1216576
In base 12, what is 26 + 548385?
5483ab
In base 13, what is -3b17ba + 25?
-3b1795
In base 12, what is -7ba253 + 13?
-7ba240
In base 12, what is 4262 - 39a9?
475
In base 13, what is 68 + -1b1c7c?
-1b1c14
In base 4, what is 110110 + 203302?
320012
In base 9, what is 4 - 427847?
-427843
In base 13, what is -3387 + 2a27?
-660
In base 2, what is -100001101000 - -11100011110110?
11000010001110
In base 3, what is 12121 - 10102010?
-10012112
In base 9, what is -3 - -131021120?
131021116
In base 9, what is 13163 - 358?
12704
In base 4, what is 11002221032 - 21?
11002221011
In base 14, what is -9235b9 + -7a?
-923655
In base 16, what is -d + -a3947?
-a3954
In base 10, what is 4 + 25036935?
25036939
In base 7, what is -214 + -1422405?
-1422622
In base 5, what is -10 - 331130340?
-331130400
In base 12, what is 2 + 2262730?
2262732
In base 16, what is -968f - -eb?
-95a4
In base 2, what is 100000110101010100010 - 10110?
100000110101010001100
In base 5, what is 442100 + 22?
442122
In base 16, what is -38a + 454?
ca
In base 6, what is 13012 - -10141455?
10154511
In base 5, what is -1 - -1243044333?
1243044332
In base 11, what is -373563 - -1?
-373562
In base 12, what is -54106 + 26b8?
-5160a
In base 15, what is 5 + -36c6d2?
-36c6cc
In base 4, what is 13000230 + -10210210?
2130020
In base 5, what is 13204 + -10133124?
-10114420
In base 9, what is -5621 + 1027?
-4583
In base 10, what is 41 - -46330?
46371
In base 16, what is -32 - 2468263?
-2468295
In base 11, what is -15192a37 + 5?
-15192a32
In base 14, what is 27 - -13c9a7?
13c9d0
In base 13, what is -995 - 3271?
-3c36
In base 9, what is 3 - 351707731?
-351707727
In base 9, what is 552 - 10267?
-8615
In base 6, what is 15431520453 - -1?
15431520454
In base 14, what is -c39a09 + 0?
-c39a09
In base 14, what is -5 - -20a57ba?
20a57b5
In base 11, what is -2413 - 22798?
-25100
In base 4, what is 231203313000300 - -10?
231203313000310
In base 13, what is -264 - -49b96?
49932
In base 9, what is -4 + -17011883?
-17011887
In base 7, what is 0 + 61416141?
61416141
In base 13, what is b72 - a302?
-9460
In base 9, what is 10 + -10622757?
-10622747
In base 10, what is -4 + -1663380?
-1663384
In base 7, what is -1044 - 1111051?
-1112125
In base 15, what is 43018 + 283?
4329b
In base 12, what is -4 - -85205110?
85205108
In base 6, what is 40310012 + -3023?
40302545
In base 14, what is -133c97a3 + -3?
-133c97a6
In base 7, what is -256 - 2232660?
-2233246
In base 15, what is -38e484 - 4c?
-38e4d1
In base 11, what is -189971 + -265?
-18a126
In base 9, what is -255 + 20174?
18818
In base 13, what is 1649cc - 12?
1649ba
In base 2, what is -111010100101101001111101 - -101?
-111010100101101001111000
In base 10, what is -28585896 - -22?
-28585874
In base 2, what is 11011001100000 + 110100111000001?
1010000000100001
In base 11, what is -349a5a - -3?
-349a57
In base 16, what is 24a278 + 38?
24a2b0
In base 9, what is -1544 + -13365?
-15020
In base 3, what is -21002200222101 - -212?
-21002200221112
In base 4, what is -101203113333 - -3?
-101203113330
In base 13, what is b7 - 3b993?
-3b8a9
In base 12, what is 13 + b862133?
b862146
In base 10, what is -10 + -298823?
-298833
In base 9, what is 173681 - 384?
173286
In base 11, what is -254273 - -26?
-254248
In base 13, what is a + -3177b7?
-3177aa
In base 4, what is -1013 + 310110331?
310103312
In base 4, what is 30110 + -230302312?
-230212202
In base 5, what is 1042434 + -2002?
1040432
In base 10, what is -231 + 135392?
135161
In base 4, what is -133010333 + -12201?
-133023200
In base 14, what is -1 - a4d88?
-a4d89
In base 7, what is 601 - 42022?
-41121
In base 7, what is 4505421 - -2326?
4511050
In base 5, what is -2342042010313 + -2?
-23